{"id":709,"date":"2025-03-12T16:45:23","date_gmt":"2025-03-12T15:45:23","guid":{"rendered":"https:\/\/sfpi-consulting.com\/?page_id=709"},"modified":"2025-03-13T11:13:05","modified_gmt":"2025-03-13T10:13:05","slug":"pourquoi-faire-appel-a-a1-events-pour-la-securite-de-votre-entreprise-ou-evenement","status":"publish","type":"page","link":"https:\/\/sfpi-consulting.com\/index.php\/pourquoi-faire-appel-a-a1-events-pour-la-securite-de-votre-entreprise-ou-evenement\/","title":{"rendered":"Pourquoi faire appel \u00e0 A1 EVENTS pour la s\u00e9curit\u00e9 de votre entreprise ou \u00e9v\u00e9nement ?"},"content":{"rendered":"\t\t<div data-elementor-type=\"wp-page\" data-elementor-id=\"709\" class=\"elementor elementor-709\">\n\t\t\t\t<div class=\"elementor-element elementor-element-d5b795a e-flex e-con-boxed wpr-particle-no wpr-jarallax-no wpr-parallax-no wpr-sticky-section-no e-con e-parent\" data-id=\"d5b795a\" data-element_type=\"container\">\n\t\t\t\t\t<div class=\"e-con-inner\">\n\t\t\t\t<div class=\"elementor-element elementor-element-9c20faf elementor-widget elementor-widget-html\" data-id=\"9c20faf\" data-element_type=\"widget\" data-widget_type=\"html.default\">\n\t\t\t\t<div class=\"elementor-widget-container\">\n\t\t\t\t\t<!DOCTYPE html>\n<html lang=\"fr\">\n<head>\n    <meta charset=\"UTF-8\">\n    <meta name=\"viewport\" content=\"width=device-width, initial-scale=1.0\">\n    <meta name=\"description\" content=\"D\u00e9couvrez pourquoi faire appel \u00e0 A1 EVENTS pour la s\u00e9curit\u00e9 de votre entreprise ou \u00e9v\u00e9nement. Nos services professionnels garantissent la protection et la tranquillit\u00e9 d'esprit.\">\n    <meta name=\"keywords\" content=\"A1 EVENTS, s\u00e9curit\u00e9 entreprise, s\u00e9curit\u00e9 \u00e9v\u00e9nement, agents de s\u00e9curit\u00e9, s\u00e9curit\u00e9 professionnelle, s\u00e9curit\u00e9 \u00e9v\u00e9nementielle, protection entreprise\">\n    <title>Pourquoi faire appel \u00e0 A1 EVENTS pour la s\u00e9curit\u00e9 de votre entreprise ou \u00e9v\u00e9nement ?<\/title>\n    <link rel=\"stylesheet\" href=\"styles.css\">\n<\/head>\n<body>\n\n<div class=\"container\">\n    <h1>Pourquoi faire appel \u00e0 A1 EVENTS pour la s\u00e9curit\u00e9 de votre entreprise ou \u00e9v\u00e9nement ?<\/h1>\n\n    <section>\n        <h2>Une expertise professionnelle en s\u00e9curit\u00e9<\/h2>\n        <p>A1 EVENTS met \u00e0 votre disposition une \u00e9quipe d'experts qualifi\u00e9s en s\u00e9curit\u00e9 pour prot\u00e9ger vos \u00e9v\u00e9nements et vos entreprises. Nos agents de s\u00e9curit\u00e9 sont form\u00e9s pour g\u00e9rer toutes les situations et veiller \u00e0 la s\u00e9curit\u00e9 de vos installations, collaborateurs, et participants.<\/p>\n        <p><a href=\"https:\/\/sfpi-consulting.com\/\" class=\"button\">D\u00e9couvrez nos services de s\u00e9curit\u00e9 professionnelle<\/a><\/p>\n    <\/section>\n\n    <section>\n        <h2>Des solutions adapt\u00e9es \u00e0 vos besoins<\/h2>\n        <p>Que vous organisiez un \u00e9v\u00e9nement \u00e0 grande \u00e9chelle ou que vous souhaitiez renforcer la s\u00e9curit\u00e9 de vos locaux d'entreprise, A1 EVENTS propose des solutions sur mesure adapt\u00e9es \u00e0 vos besoins sp\u00e9cifiques. Nous analysons chaque situation pour d\u00e9terminer les meilleures pratiques de s\u00e9curit\u00e9 \u00e0 mettre en place.<\/p>\n        <p><a href=\"https:\/\/sfpi-consulting.com\/\" class=\"button\">Obtenez une solution de s\u00e9curit\u00e9 personnalis\u00e9e<\/a><\/p>\n    <\/section>\n\n    <section>\n        <h2>Une gestion de la s\u00e9curit\u00e9 efficace et r\u00e9active<\/h2>\n        <p>Nos agents de s\u00e9curit\u00e9 sont form\u00e9s pour intervenir rapidement et efficacement face \u00e0 toute situation de crise. Gr\u00e2ce \u00e0 leur expertise et \u00e0 leur \u00e9quipement, ils assurent une gestion de la s\u00e9curit\u00e9 r\u00e9active et proactive pendant toute la dur\u00e9e de votre \u00e9v\u00e9nement ou dans votre entreprise.<\/p>\n        <p><a href=\"https:\/\/sfpi-consulting.com\/\" class=\"button\">En savoir plus sur notre gestion de s\u00e9curit\u00e9<\/a><\/p>\n    <\/section>\n\n    <section>\n        <h2>Des agents de s\u00e9curit\u00e9 form\u00e9s et certifi\u00e9s<\/h2>\n        <p>Nos agents sont form\u00e9s selon les normes les plus strictes et certifi\u00e9s pour assurer une s\u00e9curit\u00e9 optimale. De la pr\u00e9vention des risques \u00e0 l'intervention en cas d'incident, nos \u00e9quipes sont pr\u00eates \u00e0 garantir la s\u00e9curit\u00e9 de votre entreprise ou \u00e9v\u00e9nement \u00e0 tout moment.<\/p>\n        <p><a href=\"https:\/\/sfpi-consulting.com\/\" class=\"button\">Rencontrez nos agents qualifi\u00e9s<\/a><\/p>\n    <\/section>\n\n    <section>\n        <h2>Un accompagnement 24\/7 pour votre tranquillit\u00e9 d'esprit<\/h2>\n        <p>La s\u00e9curit\u00e9 ne prend jamais de pause. C'est pourquoi A1 EVENTS vous propose un accompagnement 24\/7. Nous assurons une pr\u00e9sence constante pour veiller \u00e0 la s\u00e9curit\u00e9 de vos \u00e9v\u00e9nements, de vos biens et de vos collaborateurs, \u00e0 toute heure du jour et de la nuit.<\/p>\n        <p><a href=\"https:\/\/sfpi-consulting.com\/\" class=\"button\">Contactez-nous pour une s\u00e9curit\u00e9 24\/7<\/a><\/p>\n    <\/section>\n\n    <section>\n        <h2>Un suivi personnalis\u00e9 pour chaque mission<\/h2>\n        <p>A1 EVENTS offre un suivi personnalis\u00e9 tout au long de vos projets. Que ce soit pour un \u00e9v\u00e9nement ponctuel ou pour un besoin de s\u00e9curit\u00e9 \u00e0 long terme dans votre entreprise, nous nous engageons \u00e0 r\u00e9pondre \u00e0 vos attentes avec des services adapt\u00e9s et une \u00e9coute active de vos besoins.<\/p>\n        <p><a href=\"https:\/\/sfpi-consulting.com\/\" class=\"button\">D\u00e9couvrez notre suivi personnalis\u00e9<\/a><\/p>\n    <\/section>\n\n    <section>\n        <h2>Faites appel \u00e0 A1 EVENTS pour une s\u00e9curit\u00e9 de qualit\u00e9\n\t\t\t\t<\/div>\n\t\t\t\t<\/div>\n\t\t\t\t\t<\/div>\n\t\t\t\t<\/div>\n\t\t\t\t<\/div>\n\t\t","protected":false},"excerpt":{"rendered":"<p>Pourquoi faire appel \u00e0 A1 EVENTS pour la s\u00e9curit\u00e9 de votre entreprise ou \u00e9v\u00e9nement ? Pourquoi faire appel \u00e0 A1 EVENTS pour la s\u00e9curit\u00e9 de votre entreprise ou \u00e9v\u00e9nement ? Une expertise professionnelle en s\u00e9curit\u00e9 A1 EVENTS met \u00e0 votre disposition une \u00e9quipe d&#8217;experts qualifi\u00e9s en s\u00e9curit\u00e9 pour prot\u00e9ger vos \u00e9v\u00e9nements et vos entreprises. Nos agents de s\u00e9curit\u00e9 sont form\u00e9s pour g\u00e9rer toutes les situations et veiller \u00e0 la s\u00e9curit\u00e9 de vos installations, collaborateurs, et participants. D\u00e9couvrez nos services de s\u00e9curit\u00e9 professionnelle Des solutions adapt\u00e9es \u00e0 vos besoins Que vous organisiez un \u00e9v\u00e9nement \u00e0 grande \u00e9chelle ou que vous souhaitiez renforcer la s\u00e9curit\u00e9 de vos locaux d&#8217;entreprise, A1 EVENTS propose des solutions sur mesure adapt\u00e9es \u00e0 vos besoins sp\u00e9cifiques. Nous analysons chaque situation pour d\u00e9terminer les meilleures pratiques de s\u00e9curit\u00e9 \u00e0 mettre en place. Obtenez une solution de s\u00e9curit\u00e9 personnalis\u00e9e Une gestion de la s\u00e9curit\u00e9 efficace et r\u00e9active Nos agents de s\u00e9curit\u00e9 sont form\u00e9s pour intervenir rapidement et efficacement face \u00e0 toute situation de crise. Gr\u00e2ce \u00e0 leur expertise et \u00e0 leur \u00e9quipement, ils assurent une gestion de la s\u00e9curit\u00e9 r\u00e9active et proactive pendant toute la dur\u00e9e de votre \u00e9v\u00e9nement ou dans votre entreprise. En savoir plus sur notre gestion de s\u00e9curit\u00e9 Des agents de s\u00e9curit\u00e9 form\u00e9s et certifi\u00e9s Nos agents sont form\u00e9s selon les normes les plus strictes et certifi\u00e9s pour assurer une s\u00e9curit\u00e9 optimale. De la pr\u00e9vention des risques \u00e0 l&#8217;intervention en cas d&#8217;incident, nos \u00e9quipes sont pr\u00eates \u00e0 garantir la s\u00e9curit\u00e9 de votre entreprise ou \u00e9v\u00e9nement \u00e0 tout moment. Rencontrez nos agents qualifi\u00e9s Un accompagnement 24\/7 pour votre tranquillit\u00e9 d&#8217;esprit La s\u00e9curit\u00e9 ne prend jamais de pause. C&#8217;est pourquoi A1 EVENTS vous propose un accompagnement 24\/7. Nous assurons une pr\u00e9sence constante pour veiller \u00e0 la s\u00e9curit\u00e9 de vos \u00e9v\u00e9nements, de vos biens et de vos collaborateurs, \u00e0 toute heure du jour et de la nuit. Contactez-nous pour une s\u00e9curit\u00e9 24\/7 Un suivi personnalis\u00e9 pour chaque mission A1 EVENTS offre un suivi personnalis\u00e9 tout au long de vos projets. Que ce soit pour un \u00e9v\u00e9nement ponctuel ou pour un besoin de s\u00e9curit\u00e9 \u00e0 long terme dans votre entreprise, nous nous engageons \u00e0 r\u00e9pondre \u00e0 vos attentes avec des services adapt\u00e9s et une \u00e9coute active de vos besoins. D\u00e9couvrez notre suivi personnalis\u00e9 Faites appel \u00e0 A1 EVENTS pour une s\u00e9curit\u00e9 de qualit\u00e9<\/p>\n","protected":false},"author":1,"featured_media":0,"parent":0,"menu_order":0,"comment_status":"closed","ping_status":"closed","template":"","meta":{"site-sidebar-layout":"no-sidebar","site-content-layout":"","ast-site-content-layout":"full-width-container","site-content-style":"default","site-sidebar-style":"default","ast-global-header-display":"","ast-banner-title-visibility":"","ast-main-header-display":"","ast-hfb-above-header-display":"","ast-hfb-below-header-display":"","ast-hfb-mobile-header-display":"","site-post-title":"disabled","ast-breadcrumbs-content":"","ast-featured-img":"disabled","footer-sml-layout":"","theme-transparent-header-meta":"","adv-header-id-meta":"","stick-header-meta":"","header-above-stick-meta":"","header-main-stick-meta":"","header-below-stick-meta":"","astra-migrate-meta-layouts":"default","ast-page-background-enabled":"default","ast-page-background-meta":{"desktop":{"background-color":"var(--ast-global-color-5)","background-image":"","background-repeat":"repeat","background-position":"center center","background-size":"auto","background-attachment":"scroll","background-type":"","background-media":"","overlay-type":"","overlay-color":"","overlay-opacity":"","overlay-gradient":""},"tablet":{"background-color":"","background-image":"","background-repeat":"repeat","background-position":"center center","background-size":"auto","background-attachment":"scroll","background-type":"","background-media":"","overlay-type":"","overlay-color":"","overlay-opacity":"","overlay-gradient":""},"mobile":{"background-color":"","background-image":"","background-repeat":"repeat","background-position":"center center","background-size":"auto","background-attachment":"scroll","background-type":"","background-media":"","overlay-type":"","overlay-color":"","overlay-opacity":"","overlay-gradient":""}},"ast-content-background-meta":{"desktop":{"background-color":"var(--ast-global-color-4)","background-image":"","background-repeat":"repeat","background-position":"center center","background-size":"auto","background-attachment":"scroll","background-type":"","background-media":"","overlay-type":"","overlay-color":"","overlay-opacity":"","overlay-gradient":""},"tablet":{"background-color":"var(--ast-global-color-4)","background-image":"","background-repeat":"repeat","background-position":"center center","background-size":"auto","background-attachment":"scroll","background-type":"","background-media":"","overlay-type":"","overlay-color":"","overlay-opacity":"","overlay-gradient":""},"mobile":{"background-color":"var(--ast-global-color-4)","background-image":"","background-repeat":"repeat","background-position":"center center","background-size":"auto","background-attachment":"scroll","background-type":"","background-media":"","overlay-type":"","overlay-color":"","overlay-opacity":"","overlay-gradient":""}},"footnotes":""},"class_list":["post-709","page","type-page","status-publish","hentry"],"yoast_head":"<!-- This site is optimized with the Yoast SEO plugin v25.9 - https:\/\/yoast.com\/wordpress\/plugins\/seo\/ -->\n<title>Pourquoi faire appel \u00e0 A1 EVENTS pour la s\u00e9curit\u00e9 de votre entreprise ou \u00e9v\u00e9nement ? - SFPI Consulting<\/title>\n<meta name=\"robots\" content=\"index, follow, max-snippet:-1, max-image-preview:large, max-video-preview:-1\" \/>\n<link rel=\"canonical\" href=\"https:\/\/sfpi-consulting.com\/index.php\/pourquoi-faire-appel-a-a1-events-pour-la-securite-de-votre-entreprise-ou-evenement\/\" \/>\n<meta property=\"og:locale\" content=\"en_US\" \/>\n<meta property=\"og:type\" content=\"article\" \/>\n<meta property=\"og:title\" content=\"Pourquoi faire appel \u00e0 A1 EVENTS pour la s\u00e9curit\u00e9 de votre entreprise ou \u00e9v\u00e9nement ? - SFPI Consulting\" \/>\n<meta property=\"og:description\" content=\"Pourquoi faire appel \u00e0 A1 EVENTS pour la s\u00e9curit\u00e9 de votre entreprise ou \u00e9v\u00e9nement ? Pourquoi faire appel \u00e0 A1 EVENTS pour la s\u00e9curit\u00e9 de votre entreprise ou \u00e9v\u00e9nement ? Une expertise professionnelle en s\u00e9curit\u00e9 A1 EVENTS met \u00e0 votre disposition une \u00e9quipe d&#8217;experts qualifi\u00e9s en s\u00e9curit\u00e9 pour prot\u00e9ger vos \u00e9v\u00e9nements et vos entreprises. Nos agents de s\u00e9curit\u00e9 sont form\u00e9s pour g\u00e9rer toutes les situations et veiller \u00e0 la s\u00e9curit\u00e9 de vos installations, collaborateurs, et participants. D\u00e9couvrez nos services de s\u00e9curit\u00e9 professionnelle Des solutions adapt\u00e9es \u00e0 vos besoins Que vous organisiez un \u00e9v\u00e9nement \u00e0 grande \u00e9chelle ou que vous souhaitiez renforcer la s\u00e9curit\u00e9 de vos locaux d&#8217;entreprise, A1 EVENTS propose des solutions sur mesure adapt\u00e9es \u00e0 vos besoins sp\u00e9cifiques. Nous analysons chaque situation pour d\u00e9terminer les meilleures pratiques de s\u00e9curit\u00e9 \u00e0 mettre en place. Obtenez une solution de s\u00e9curit\u00e9 personnalis\u00e9e Une gestion de la s\u00e9curit\u00e9 efficace et r\u00e9active Nos agents de s\u00e9curit\u00e9 sont form\u00e9s pour intervenir rapidement et efficacement face \u00e0 toute situation de crise. Gr\u00e2ce \u00e0 leur expertise et \u00e0 leur \u00e9quipement, ils assurent une gestion de la s\u00e9curit\u00e9 r\u00e9active et proactive pendant toute la dur\u00e9e de votre \u00e9v\u00e9nement ou dans votre entreprise. En savoir plus sur notre gestion de s\u00e9curit\u00e9 Des agents de s\u00e9curit\u00e9 form\u00e9s et certifi\u00e9s Nos agents sont form\u00e9s selon les normes les plus strictes et certifi\u00e9s pour assurer une s\u00e9curit\u00e9 optimale. De la pr\u00e9vention des risques \u00e0 l&#8217;intervention en cas d&#8217;incident, nos \u00e9quipes sont pr\u00eates \u00e0 garantir la s\u00e9curit\u00e9 de votre entreprise ou \u00e9v\u00e9nement \u00e0 tout moment. Rencontrez nos agents qualifi\u00e9s Un accompagnement 24\/7 pour votre tranquillit\u00e9 d&#8217;esprit La s\u00e9curit\u00e9 ne prend jamais de pause. C&#8217;est pourquoi A1 EVENTS vous propose un accompagnement 24\/7. Nous assurons une pr\u00e9sence constante pour veiller \u00e0 la s\u00e9curit\u00e9 de vos \u00e9v\u00e9nements, de vos biens et de vos collaborateurs, \u00e0 toute heure du jour et de la nuit. Contactez-nous pour une s\u00e9curit\u00e9 24\/7 Un suivi personnalis\u00e9 pour chaque mission A1 EVENTS offre un suivi personnalis\u00e9 tout au long de vos projets. Que ce soit pour un \u00e9v\u00e9nement ponctuel ou pour un besoin de s\u00e9curit\u00e9 \u00e0 long terme dans votre entreprise, nous nous engageons \u00e0 r\u00e9pondre \u00e0 vos attentes avec des services adapt\u00e9s et une \u00e9coute active de vos besoins. D\u00e9couvrez notre suivi personnalis\u00e9 Faites appel \u00e0 A1 EVENTS pour une s\u00e9curit\u00e9 de qualit\u00e9\" \/>\n<meta property=\"og:url\" content=\"https:\/\/sfpi-consulting.com\/index.php\/pourquoi-faire-appel-a-a1-events-pour-la-securite-de-votre-entreprise-ou-evenement\/\" \/>\n<meta property=\"og:site_name\" content=\"SFPI Consulting\" \/>\n<meta property=\"article:modified_time\" content=\"2025-03-13T10:13:05+00:00\" \/>\n<meta name=\"twitter:card\" content=\"summary_large_image\" \/>\n<script type=\"application\/ld+json\" class=\"yoast-schema-graph\">{\"@context\":\"https:\/\/schema.org\",\"@graph\":[{\"@type\":\"WebPage\",\"@id\":\"https:\/\/sfpi-consulting.com\/index.php\/pourquoi-faire-appel-a-a1-events-pour-la-securite-de-votre-entreprise-ou-evenement\/\",\"url\":\"https:\/\/sfpi-consulting.com\/index.php\/pourquoi-faire-appel-a-a1-events-pour-la-securite-de-votre-entreprise-ou-evenement\/\",\"name\":\"Pourquoi faire appel \u00e0 A1 EVENTS pour la s\u00e9curit\u00e9 de votre entreprise ou \u00e9v\u00e9nement ? - SFPI Consulting\",\"isPartOf\":{\"@id\":\"https:\/\/sfpi-consulting.com\/#website\"},\"datePublished\":\"2025-03-12T15:45:23+00:00\",\"dateModified\":\"2025-03-13T10:13:05+00:00\",\"breadcrumb\":{\"@id\":\"https:\/\/sfpi-consulting.com\/index.php\/pourquoi-faire-appel-a-a1-events-pour-la-securite-de-votre-entreprise-ou-evenement\/#breadcrumb\"},\"inLanguage\":\"en-US\",\"potentialAction\":[{\"@type\":\"ReadAction\",\"target\":[\"https:\/\/sfpi-consulting.com\/index.php\/pourquoi-faire-appel-a-a1-events-pour-la-securite-de-votre-entreprise-ou-evenement\/\"]}]},{\"@type\":\"BreadcrumbList\",\"@id\":\"https:\/\/sfpi-consulting.com\/index.php\/pourquoi-faire-appel-a-a1-events-pour-la-securite-de-votre-entreprise-ou-evenement\/#breadcrumb\",\"itemListElement\":[{\"@type\":\"ListItem\",\"position\":1,\"name\":\"Accueil\",\"item\":\"https:\/\/sfpi-consulting.com\/\"},{\"@type\":\"ListItem\",\"position\":2,\"name\":\"Pourquoi faire appel \u00e0 A1 EVENTS pour la s\u00e9curit\u00e9 de votre entreprise ou \u00e9v\u00e9nement ?\"}]},{\"@type\":\"WebSite\",\"@id\":\"https:\/\/sfpi-consulting.com\/#website\",\"url\":\"https:\/\/sfpi-consulting.com\/\",\"name\":\"SFPI Consulting\",\"description\":\"\",\"publisher\":{\"@id\":\"https:\/\/sfpi-consulting.com\/#organization\"},\"potentialAction\":[{\"@type\":\"SearchAction\",\"target\":{\"@type\":\"EntryPoint\",\"urlTemplate\":\"https:\/\/sfpi-consulting.com\/?s={search_term_string}\"},\"query-input\":{\"@type\":\"PropertyValueSpecification\",\"valueRequired\":true,\"valueName\":\"search_term_string\"}}],\"inLanguage\":\"en-US\"},{\"@type\":\"Organization\",\"@id\":\"https:\/\/sfpi-consulting.com\/#organization\",\"name\":\"SFPI Consulting\",\"url\":\"https:\/\/sfpi-consulting.com\/\",\"logo\":{\"@type\":\"ImageObject\",\"inLanguage\":\"en-US\",\"@id\":\"https:\/\/sfpi-consulting.com\/#\/schema\/logo\/image\/\",\"url\":\"https:\/\/sfpi-consulting.com\/wp-content\/uploads\/2025\/03\/cropped-SFPIC-scaled.png\",\"contentUrl\":\"https:\/\/sfpi-consulting.com\/wp-content\/uploads\/2025\/03\/cropped-SFPIC-scaled.png\",\"width\":2560,\"height\":2109,\"caption\":\"SFPI Consulting\"},\"image\":{\"@id\":\"https:\/\/sfpi-consulting.com\/#\/schema\/logo\/image\/\"}}]}<\/script>\n<!-- \/ Yoast SEO plugin. -->","yoast_head_json":{"title":"Pourquoi faire appel \u00e0 A1 EVENTS pour la s\u00e9curit\u00e9 de votre entreprise ou \u00e9v\u00e9nement ? - SFPI Consulting","robots":{"index":"index","follow":"follow","max-snippet":"max-snippet:-1","max-image-preview":"max-image-preview:large","max-video-preview":"max-video-preview:-1"},"canonical":"https:\/\/sfpi-consulting.com\/index.php\/pourquoi-faire-appel-a-a1-events-pour-la-securite-de-votre-entreprise-ou-evenement\/","og_locale":"en_US","og_type":"article","og_title":"Pourquoi faire appel \u00e0 A1 EVENTS pour la s\u00e9curit\u00e9 de votre entreprise ou \u00e9v\u00e9nement ? - SFPI Consulting","og_description":"Pourquoi faire appel \u00e0 A1 EVENTS pour la s\u00e9curit\u00e9 de votre entreprise ou \u00e9v\u00e9nement ? Pourquoi faire appel \u00e0 A1 EVENTS pour la s\u00e9curit\u00e9 de votre entreprise ou \u00e9v\u00e9nement ? Une expertise professionnelle en s\u00e9curit\u00e9 A1 EVENTS met \u00e0 votre disposition une \u00e9quipe d&#8217;experts qualifi\u00e9s en s\u00e9curit\u00e9 pour prot\u00e9ger vos \u00e9v\u00e9nements et vos entreprises. Nos agents de s\u00e9curit\u00e9 sont form\u00e9s pour g\u00e9rer toutes les situations et veiller \u00e0 la s\u00e9curit\u00e9 de vos installations, collaborateurs, et participants. D\u00e9couvrez nos services de s\u00e9curit\u00e9 professionnelle Des solutions adapt\u00e9es \u00e0 vos besoins Que vous organisiez un \u00e9v\u00e9nement \u00e0 grande \u00e9chelle ou que vous souhaitiez renforcer la s\u00e9curit\u00e9 de vos locaux d&#8217;entreprise, A1 EVENTS propose des solutions sur mesure adapt\u00e9es \u00e0 vos besoins sp\u00e9cifiques. Nous analysons chaque situation pour d\u00e9terminer les meilleures pratiques de s\u00e9curit\u00e9 \u00e0 mettre en place. Obtenez une solution de s\u00e9curit\u00e9 personnalis\u00e9e Une gestion de la s\u00e9curit\u00e9 efficace et r\u00e9active Nos agents de s\u00e9curit\u00e9 sont form\u00e9s pour intervenir rapidement et efficacement face \u00e0 toute situation de crise. Gr\u00e2ce \u00e0 leur expertise et \u00e0 leur \u00e9quipement, ils assurent une gestion de la s\u00e9curit\u00e9 r\u00e9active et proactive pendant toute la dur\u00e9e de votre \u00e9v\u00e9nement ou dans votre entreprise. En savoir plus sur notre gestion de s\u00e9curit\u00e9 Des agents de s\u00e9curit\u00e9 form\u00e9s et certifi\u00e9s Nos agents sont form\u00e9s selon les normes les plus strictes et certifi\u00e9s pour assurer une s\u00e9curit\u00e9 optimale. De la pr\u00e9vention des risques \u00e0 l&#8217;intervention en cas d&#8217;incident, nos \u00e9quipes sont pr\u00eates \u00e0 garantir la s\u00e9curit\u00e9 de votre entreprise ou \u00e9v\u00e9nement \u00e0 tout moment. Rencontrez nos agents qualifi\u00e9s Un accompagnement 24\/7 pour votre tranquillit\u00e9 d&#8217;esprit La s\u00e9curit\u00e9 ne prend jamais de pause. C&#8217;est pourquoi A1 EVENTS vous propose un accompagnement 24\/7. Nous assurons une pr\u00e9sence constante pour veiller \u00e0 la s\u00e9curit\u00e9 de vos \u00e9v\u00e9nements, de vos biens et de vos collaborateurs, \u00e0 toute heure du jour et de la nuit. Contactez-nous pour une s\u00e9curit\u00e9 24\/7 Un suivi personnalis\u00e9 pour chaque mission A1 EVENTS offre un suivi personnalis\u00e9 tout au long de vos projets. Que ce soit pour un \u00e9v\u00e9nement ponctuel ou pour un besoin de s\u00e9curit\u00e9 \u00e0 long terme dans votre entreprise, nous nous engageons \u00e0 r\u00e9pondre \u00e0 vos attentes avec des services adapt\u00e9s et une \u00e9coute active de vos besoins. D\u00e9couvrez notre suivi personnalis\u00e9 Faites appel \u00e0 A1 EVENTS pour une s\u00e9curit\u00e9 de qualit\u00e9","og_url":"https:\/\/sfpi-consulting.com\/index.php\/pourquoi-faire-appel-a-a1-events-pour-la-securite-de-votre-entreprise-ou-evenement\/","og_site_name":"SFPI Consulting","article_modified_time":"2025-03-13T10:13:05+00:00","twitter_card":"summary_large_image","schema":{"@context":"https:\/\/schema.org","@graph":[{"@type":"WebPage","@id":"https:\/\/sfpi-consulting.com\/index.php\/pourquoi-faire-appel-a-a1-events-pour-la-securite-de-votre-entreprise-ou-evenement\/","url":"https:\/\/sfpi-consulting.com\/index.php\/pourquoi-faire-appel-a-a1-events-pour-la-securite-de-votre-entreprise-ou-evenement\/","name":"Pourquoi faire appel \u00e0 A1 EVENTS pour la s\u00e9curit\u00e9 de votre entreprise ou \u00e9v\u00e9nement ? - SFPI Consulting","isPartOf":{"@id":"https:\/\/sfpi-consulting.com\/#website"},"datePublished":"2025-03-12T15:45:23+00:00","dateModified":"2025-03-13T10:13:05+00:00","breadcrumb":{"@id":"https:\/\/sfpi-consulting.com\/index.php\/pourquoi-faire-appel-a-a1-events-pour-la-securite-de-votre-entreprise-ou-evenement\/#breadcrumb"},"inLanguage":"en-US","potentialAction":[{"@type":"ReadAction","target":["https:\/\/sfpi-consulting.com\/index.php\/pourquoi-faire-appel-a-a1-events-pour-la-securite-de-votre-entreprise-ou-evenement\/"]}]},{"@type":"BreadcrumbList","@id":"https:\/\/sfpi-consulting.com\/index.php\/pourquoi-faire-appel-a-a1-events-pour-la-securite-de-votre-entreprise-ou-evenement\/#breadcrumb","itemListElement":[{"@type":"ListItem","position":1,"name":"Accueil","item":"https:\/\/sfpi-consulting.com\/"},{"@type":"ListItem","position":2,"name":"Pourquoi faire appel \u00e0 A1 EVENTS pour la s\u00e9curit\u00e9 de votre entreprise ou \u00e9v\u00e9nement ?"}]},{"@type":"WebSite","@id":"https:\/\/sfpi-consulting.com\/#website","url":"https:\/\/sfpi-consulting.com\/","name":"SFPI Consulting","description":"","publisher":{"@id":"https:\/\/sfpi-consulting.com\/#organization"},"potentialAction":[{"@type":"SearchAction","target":{"@type":"EntryPoint","urlTemplate":"https:\/\/sfpi-consulting.com\/?s={search_term_string}"},"query-input":{"@type":"PropertyValueSpecification","valueRequired":true,"valueName":"search_term_string"}}],"inLanguage":"en-US"},{"@type":"Organization","@id":"https:\/\/sfpi-consulting.com\/#organization","name":"SFPI Consulting","url":"https:\/\/sfpi-consulting.com\/","logo":{"@type":"ImageObject","inLanguage":"en-US","@id":"https:\/\/sfpi-consulting.com\/#\/schema\/logo\/image\/","url":"https:\/\/sfpi-consulting.com\/wp-content\/uploads\/2025\/03\/cropped-SFPIC-scaled.png","contentUrl":"https:\/\/sfpi-consulting.com\/wp-content\/uploads\/2025\/03\/cropped-SFPIC-scaled.png","width":2560,"height":2109,"caption":"SFPI Consulting"},"image":{"@id":"https:\/\/sfpi-consulting.com\/#\/schema\/logo\/image\/"}}]}},"_links":{"self":[{"href":"https:\/\/sfpi-consulting.com\/index.php\/wp-json\/wp\/v2\/pages\/709","targetHints":{"allow":["GET"]}}],"collection":[{"href":"https:\/\/sfpi-consulting.com\/index.php\/wp-json\/wp\/v2\/pages"}],"about":[{"href":"https:\/\/sfpi-consulting.com\/index.php\/wp-json\/wp\/v2\/types\/page"}],"author":[{"embeddable":true,"href":"https:\/\/sfpi-consulting.com\/index.php\/wp-json\/wp\/v2\/users\/1"}],"replies":[{"embeddable":true,"href":"https:\/\/sfpi-consulting.com\/index.php\/wp-json\/wp\/v2\/comments?post=709"}],"version-history":[{"count":7,"href":"https:\/\/sfpi-consulting.com\/index.php\/wp-json\/wp\/v2\/pages\/709\/revisions"}],"predecessor-version":[{"id":986,"href":"https:\/\/sfpi-consulting.com\/index.php\/wp-json\/wp\/v2\/pages\/709\/revisions\/986"}],"wp:attachment":[{"href":"https:\/\/sfpi-consulting.com\/index.php\/wp-json\/wp\/v2\/media?parent=709"}],"curies":[{"name":"wp","href":"https:\/\/api.w.org\/{rel}","templated":true}]}}